{"id":100,"date":"2024-01-31T07:40:40","date_gmt":"2024-01-31T07:40:40","guid":{"rendered":"http:\/\/192.168.0.133:8072\/?page_id=100"},"modified":"2024-08-19T07:00:25","modified_gmt":"2024-08-19T07:00:25","slug":"prezentare-generala-ptj","status":"publish","type":"page","link":"https:\/\/ps2021-2027.adroltenia.ro\/index.php\/prezentare-generala-ptj\/","title":{"rendered":"Versiunile Programului S\u0103n\u0103tate"},"content":{"rendered":"\t\t<div data-elementor-type=\"wp-page\" data-elementor-id=\"100\" class=\"elementor elementor-100\" data-elementor-post-type=\"page\">\n\t\t\t\t<div class=\"elementor-element elementor-element-2ab1c0d e-flex e-con-boxed e-con e-parent\" data-id=\"2ab1c0d\" data-element_type=\"container\" data-e-type=\"container\">\n\t\t\t\t\t<div class=\"e-con-inner\">\n\t\t\t\t\t<\/div>\n\t\t\t\t<\/div>\n\t\t<div class=\"elementor-element elementor-element-295fa29 e-flex e-con-boxed e-con e-parent\" data-id=\"295fa29\" data-element_type=\"container\" data-e-type=\"container\">\n\t\t\t\t\t<div class=\"e-con-inner\">\n\t\t\t\t<div class=\"elementor-element elementor-element-aeaa263 exad-sticky-section-no exad-glass-effect-no elementor-widget elementor-widget-text-editor\" data-id=\"aeaa263\" data-element_type=\"widget\" data-e-type=\"widget\" data-widget_type=\"text-editor.default\">\n\t\t\t\t<div class=\"elementor-widget-container\">\n\t\t\t\t\t\t\t\t\t<p><strong>Versiunile Programului S\u0103n\u0103tate<\/strong><\/p><p>Modificare nr. 1\u00a0 Program S\u0103n\u0103tate- 12 septembrie 2023<\/p><p><a href=\"https:\/\/mfe.gov.ro\/wp-content\/uploads\/2023\/09\/acb65cfdd96df144628d436b03dc74bb.rar\">Program S\u0103n\u0103tate_versiune aprobat\u0103_modificare nr. 1_12 septembrie 2023<\/a><\/p><p>Versiune aprobat\u0103 a Programului S\u0103n\u0103tate de c\u0103tre Comisia European\u0103 \u2013 30 noiembrie 2022<\/p><p><a href=\"https:\/\/mfe.gov.ro\/wp-content\/uploads\/2023\/04\/99b53ce763dd8338236cd3fb44b4cf45-2.rar\">Program S\u0103n\u0103tate_versiune aprobat\u0103_30 noiembrie 2022<\/a><\/p><p>Versiuni anterioare ale Programului S\u0103n\u0103tate din procesul de negociere derulat \u00een perioada 2020-2022<\/p><p><a href=\"https:\/\/mfe.gov.ro\/wp-content\/uploads\/2023\/05\/b6c189263c24ff662a5a588a6e903859.rar\">Program S\u0103n\u0103tate_ versiuni anterioare<\/a><\/p>\t\t\t\t\t\t\t\t<\/div>\n\t\t\t\t<\/div>\n\t\t\t\t\t<\/div>\n\t\t\t\t<\/div>\n\t\t\t\t<\/div>\n\t\t","protected":false},"excerpt":{"rendered":"<p>Versiunile Programului S\u0103n\u0103tate Modificare nr. 1\u00a0 Program S\u0103n\u0103tate- 12 septembrie 2023 Program S\u0103n\u0103tate_versiune aprobat\u0103_modificare nr. 1_12 septembrie 2023 Versiune aprobat\u0103 a Programului S\u0103n\u0103tate de c\u0103tre Comisia European\u0103 \u2013 30 noiembrie 2022 Program S\u0103n\u0103tate_versiune aprobat\u0103_30 noiembrie 2022 Versiuni anterioare ale Programului S\u0103n\u0103tate din procesul de negociere derulat \u00een perioada 2020-2022 Program S\u0103n\u0103tate_ versiuni anterioare<\/p>\n","protected":false},"author":3,"featured_media":0,"parent":0,"menu_order":0,"comment_status":"closed","ping_status":"closed","template":"","meta":{"footnotes":""},"class_list":["post-100","page","type-page","status-publish","hentry"],"yoast_head":"<!-- This site is optimized with the Yoast SEO plugin v22.0 - https:\/\/yoast.com\/wordpress\/plugins\/seo\/ -->\n<title>Versiunile Programului S\u0103n\u0103tate | PS<\/title>\n<meta name=\"robots\" content=\"index, follow, max-snippet:-1, max-image-preview:large, max-video-preview:-1\" \/>\n<link rel=\"canonical\" href=\"https:\/\/ps2021-2027.adroltenia.ro\/index.php\/prezentare-generala-ptj\/\" \/>\n<meta property=\"og:locale\" content=\"ro_RO\" \/>\n<meta property=\"og:type\" content=\"article\" \/>\n<meta property=\"og:title\" content=\"Versiunile Programului S\u0103n\u0103tate | PS\" \/>\n<meta property=\"og:description\" content=\"Versiunile Programului S\u0103n\u0103tate Modificare nr. 1\u00a0 Program S\u0103n\u0103tate- 12 septembrie 2023 Program S\u0103n\u0103tate_versiune aprobat\u0103_modificare nr. 1_12 septembrie 2023 Versiune aprobat\u0103 a Programului S\u0103n\u0103tate de c\u0103tre Comisia European\u0103 \u2013 30 noiembrie 2022 Program S\u0103n\u0103tate_versiune aprobat\u0103_30 noiembrie 2022 Versiuni anterioare ale Programului S\u0103n\u0103tate din procesul de negociere derulat \u00een perioada 2020-2022 Program S\u0103n\u0103tate_ versiuni anterioare\" \/>\n<meta property=\"og:url\" content=\"https:\/\/ps2021-2027.adroltenia.ro\/index.php\/prezentare-generala-ptj\/\" \/>\n<meta property=\"og:site_name\" content=\"PS\" \/>\n<meta property=\"article:modified_time\" content=\"2024-08-19T07:00:25+00:00\" \/>\n<meta name=\"twitter:card\" content=\"summary_large_image\" \/>\n<meta name=\"twitter:label1\" content=\"Timp estimat pentru citire\" \/>\n\t<meta name=\"twitter:data1\" content=\"1 minut\" \/>\n<script type=\"application\/ld+json\" class=\"yoast-schema-graph\">{\"@context\":\"https:\/\/schema.org\",\"@graph\":[{\"@type\":\"WebPage\",\"@id\":\"https:\/\/ps2021-2027.adroltenia.ro\/index.php\/prezentare-generala-ptj\/\",\"url\":\"https:\/\/ps2021-2027.adroltenia.ro\/index.php\/prezentare-generala-ptj\/\",\"name\":\"Versiunile Programului S\u0103n\u0103tate | PS\",\"isPartOf\":{\"@id\":\"https:\/\/ps2021-2027.adroltenia.ro\/#website\"},\"datePublished\":\"2024-01-31T07:40:40+00:00\",\"dateModified\":\"2024-08-19T07:00:25+00:00\",\"inLanguage\":\"ro-RO\",\"potentialAction\":[{\"@type\":\"ReadAction\",\"target\":[\"https:\/\/ps2021-2027.adroltenia.ro\/index.php\/prezentare-generala-ptj\/\"]}]},{\"@type\":\"WebSite\",\"@id\":\"https:\/\/ps2021-2027.adroltenia.ro\/#website\",\"url\":\"https:\/\/ps2021-2027.adroltenia.ro\/\",\"name\":\"PS\",\"description\":\"\",\"potentialAction\":[{\"@type\":\"SearchAction\",\"target\":{\"@type\":\"EntryPoint\",\"urlTemplate\":\"https:\/\/ps2021-2027.adroltenia.ro\/?s={search_term_string}\"},\"query-input\":\"required name=search_term_string\"}],\"inLanguage\":\"ro-RO\"}]}<\/script>\n<!-- \/ Yoast SEO plugin. -->","yoast_head_json":{"title":"Versiunile Programului S\u0103n\u0103tate | PS","robots":{"index":"index","follow":"follow","max-snippet":"max-snippet:-1","max-image-preview":"max-image-preview:large","max-video-preview":"max-video-preview:-1"},"canonical":"https:\/\/ps2021-2027.adroltenia.ro\/index.php\/prezentare-generala-ptj\/","og_locale":"ro_RO","og_type":"article","og_title":"Versiunile Programului S\u0103n\u0103tate | PS","og_description":"Versiunile Programului S\u0103n\u0103tate Modificare nr. 1\u00a0 Program S\u0103n\u0103tate- 12 septembrie 2023 Program S\u0103n\u0103tate_versiune aprobat\u0103_modificare nr. 1_12 septembrie 2023 Versiune aprobat\u0103 a Programului S\u0103n\u0103tate de c\u0103tre Comisia European\u0103 \u2013 30 noiembrie 2022 Program S\u0103n\u0103tate_versiune aprobat\u0103_30 noiembrie 2022 Versiuni anterioare ale Programului S\u0103n\u0103tate din procesul de negociere derulat \u00een perioada 2020-2022 Program S\u0103n\u0103tate_ versiuni anterioare","og_url":"https:\/\/ps2021-2027.adroltenia.ro\/index.php\/prezentare-generala-ptj\/","og_site_name":"PS","article_modified_time":"2024-08-19T07:00:25+00:00","twitter_card":"summary_large_image","twitter_misc":{"Timp estimat pentru citire":"1 minut"},"schema":{"@context":"https:\/\/schema.org","@graph":[{"@type":"WebPage","@id":"https:\/\/ps2021-2027.adroltenia.ro\/index.php\/prezentare-generala-ptj\/","url":"https:\/\/ps2021-2027.adroltenia.ro\/index.php\/prezentare-generala-ptj\/","name":"Versiunile Programului S\u0103n\u0103tate | PS","isPartOf":{"@id":"https:\/\/ps2021-2027.adroltenia.ro\/#website"},"datePublished":"2024-01-31T07:40:40+00:00","dateModified":"2024-08-19T07:00:25+00:00","inLanguage":"ro-RO","potentialAction":[{"@type":"ReadAction","target":["https:\/\/ps2021-2027.adroltenia.ro\/index.php\/prezentare-generala-ptj\/"]}]},{"@type":"WebSite","@id":"https:\/\/ps2021-2027.adroltenia.ro\/#website","url":"https:\/\/ps2021-2027.adroltenia.ro\/","name":"PS","description":"","potentialAction":[{"@type":"SearchAction","target":{"@type":"EntryPoint","urlTemplate":"https:\/\/ps2021-2027.adroltenia.ro\/?s={search_term_string}"},"query-input":"required name=search_term_string"}],"inLanguage":"ro-RO"}]}},"_links":{"self":[{"href":"https:\/\/ps2021-2027.adroltenia.ro\/index.php\/wp-json\/wp\/v2\/pages\/100","targetHints":{"allow":["GET"]}}],"collection":[{"href":"https:\/\/ps2021-2027.adroltenia.ro\/index.php\/wp-json\/wp\/v2\/pages"}],"about":[{"href":"https:\/\/ps2021-2027.adroltenia.ro\/index.php\/wp-json\/wp\/v2\/types\/page"}],"author":[{"embeddable":true,"href":"https:\/\/ps2021-2027.adroltenia.ro\/index.php\/wp-json\/wp\/v2\/users\/3"}],"replies":[{"embeddable":true,"href":"https:\/\/ps2021-2027.adroltenia.ro\/index.php\/wp-json\/wp\/v2\/comments?post=100"}],"version-history":[{"count":0,"href":"https:\/\/ps2021-2027.adroltenia.ro\/index.php\/wp-json\/wp\/v2\/pages\/100\/revisions"}],"wp:attachment":[{"href":"https:\/\/ps2021-2027.adroltenia.ro\/index.php\/wp-json\/wp\/v2\/media?parent=100"}],"curies":[{"name":"wp","href":"https:\/\/api.w.org\/{rel}","templated":true}]}}