{"id":289,"date":"2024-02-05T07:45:31","date_gmt":"2024-02-05T07:45:31","guid":{"rendered":"http:\/\/192.168.0.133:8072\/?page_id=289"},"modified":"2024-10-23T14:06:13","modified_gmt":"2024-10-23T14:06:13","slug":"miv","status":"publish","type":"page","link":"https:\/\/ps2021-2027.adroltenia.ro\/index.php\/miv\/","title":{"rendered":"Manual de identitate vizual\u0103"},"content":{"rendered":"\t\t<div data-elementor-type=\"wp-page\" data-elementor-id=\"289\" class=\"elementor elementor-289\" data-elementor-post-type=\"page\">\n\t\t\t\t<div class=\"elementor-element elementor-element-b7ad1d0 e-flex e-con-boxed e-con e-parent\" data-id=\"b7ad1d0\" data-element_type=\"container\" data-e-type=\"container\">\n\t\t\t\t\t<div class=\"e-con-inner\">\n\t\t\t\t<div class=\"elementor-element elementor-element-212b4d9 exad-sticky-section-no exad-glass-effect-no elementor-widget elementor-widget-text-editor\" data-id=\"212b4d9\" data-element_type=\"widget\" data-e-type=\"widget\" data-widget_type=\"text-editor.default\">\n\t\t\t\t<div class=\"elementor-widget-container\">\n\t\t\t\t\t\t\t\t\t<p>\u00a0<\/p><p>Manualul de identitate vizual\u0103 pentru Programul S\u0103n\u0103tate este documentul care stabile\u0219te at\u00e2t un\u00a0<strong>set de reguli generale de identitate vizual\u0103\u00a0<\/strong>aplicabile opera\u021biunilor sprjinite din\u00a0<strong>Fondul Social European Plus\u00a0<\/strong>\u0219i\u00a0<strong>Fondul European de Dezvoltare Regional\u0103<\/strong>, c\u00e2t \u0219i\u00a0<strong>reguli specifice\u00a0<\/strong>aferente opera\u021biunilor sprijinite din FEDR, FSE+, precum \u0219i opera\u021biunilor de importan\u021b\u0103 strategic\u0103, de punere \u00een aplicare a prevederilor Regulamentelor Europene\u00a0<strong>pentru perioada de programare 2021-2027.<\/strong><\/p><p>De asemenea, Manualul de identitate vizual\u0103 PS prezint\u0103 elementele vizuale obligatorii, o serie de medii de comunicare \u0219i modul (particularizat) specific de utilizare a identit\u0103\u021bii vizuale, precum \u0219i responsabilit\u0103\u021bile beneficiarilor. Acesta con\u021bine\u00a0<strong>un set de instruc\u021biuni, reguli \u0219i recomand\u0103ri de aplicare\u00a0<\/strong>\u0219i dezvoltare a elementelor vizuale ale programului privind semn\u0103tur\u0103 vizual\u0103, specifica\u021bii culori, fonturi acceptate, spa\u021bieri impuse. Totodat\u0103, manualul con\u021bine \u0219i modele de documente de informare \u0219i comunicare folosite \u00een cadrul proiectelor finan\u021bate prin PS.<\/p><p><a href=\"https:\/\/mfe.gov.ro\/wp-content\/uploads\/2023\/11\/2f4fbaa8bf7c6d5c13b61b2989eb36c2.pdf\"><strong>Manual de identitate vizual\u0103 PS_actualizat\u00a0<\/strong><\/a>\u2013 actualizat 29.11.2023<\/p><p><a href=\"https:\/\/mfe.gov.ro\/wp-content\/uploads\/2023\/11\/3ce260c15bd92dc60d714a04ce98c469.rar\"><strong>Anexe MIV\u00a0<\/strong><\/a>\u2013 actualizat 29.11.2023<\/p>\t\t\t\t\t\t\t\t<\/div>\n\t\t\t\t<\/div>\n\t\t\t\t\t<\/div>\n\t\t\t\t<\/div>\n\t\t\t\t<\/div>\n\t\t","protected":false},"excerpt":{"rendered":"<p>\u00a0 Manualul de identitate vizual\u0103 pentru Programul S\u0103n\u0103tate este documentul care stabile\u0219te at\u00e2t un\u00a0set de reguli generale de identitate vizual\u0103\u00a0aplicabile opera\u021biunilor sprjinite din\u00a0Fondul Social European Plus\u00a0\u0219i\u00a0Fondul European de Dezvoltare Regional\u0103, c\u00e2t \u0219i\u00a0reguli specifice\u00a0aferente opera\u021biunilor sprijinite din FEDR, FSE+, precum \u0219i opera\u021biunilor de importan\u021b\u0103 strategic\u0103, de punere \u00een aplicare a prevederilor Regulamentelor Europene\u00a0pentru perioada de programare [&hellip;]<\/p>\n","protected":false},"author":3,"featured_media":0,"parent":0,"menu_order":0,"comment_status":"closed","ping_status":"closed","template":"","meta":{"footnotes":""},"class_list":["post-289","page","type-page","status-publish","hentry"],"yoast_head":"<!-- This site is optimized with the Yoast SEO plugin v27.4 - https:\/\/yoast.com\/product\/yoast-seo-wordpress\/ -->\n<title>Manual de identitate vizual\u0103 | PS<\/title>\n<meta name=\"robots\" content=\"index, follow, max-snippet:-1, max-image-preview:large, max-video-preview:-1\" \/>\n<link rel=\"canonical\" href=\"https:\/\/ps2021-2027.adroltenia.ro\/index.php\/miv\/\" \/>\n<meta property=\"og:locale\" content=\"ro_RO\" \/>\n<meta property=\"og:type\" content=\"article\" \/>\n<meta property=\"og:title\" content=\"Manual de identitate vizual\u0103 | PS\" \/>\n<meta property=\"og:description\" content=\"\u00a0 Manualul de identitate vizual\u0103 pentru Programul S\u0103n\u0103tate este documentul care stabile\u0219te at\u00e2t un\u00a0set de reguli generale de identitate vizual\u0103\u00a0aplicabile opera\u021biunilor sprjinite din\u00a0Fondul Social European Plus\u00a0\u0219i\u00a0Fondul European de Dezvoltare Regional\u0103, c\u00e2t \u0219i\u00a0reguli specifice\u00a0aferente opera\u021biunilor sprijinite din FEDR, FSE+, precum \u0219i opera\u021biunilor de importan\u021b\u0103 strategic\u0103, de punere \u00een aplicare a prevederilor Regulamentelor Europene\u00a0pentru perioada de programare [&hellip;]\" \/>\n<meta property=\"og:url\" content=\"https:\/\/ps2021-2027.adroltenia.ro\/index.php\/miv\/\" \/>\n<meta property=\"og:site_name\" content=\"PS\" \/>\n<meta property=\"article:modified_time\" content=\"2024-10-23T14:06:13+00:00\" \/>\n<meta name=\"twitter:card\" content=\"summary_large_image\" \/>\n<meta name=\"twitter:label1\" content=\"Timp estimat pentru citire\" \/>\n\t<meta name=\"twitter:data1\" content=\"1 minut\" \/>\n<script type=\"application\/ld+json\" class=\"yoast-schema-graph\">{\"@context\":\"https:\\\/\\\/schema.org\",\"@graph\":[{\"@type\":\"WebPage\",\"@id\":\"https:\\\/\\\/ps2021-2027.adroltenia.ro\\\/index.php\\\/miv\\\/\",\"url\":\"https:\\\/\\\/ps2021-2027.adroltenia.ro\\\/index.php\\\/miv\\\/\",\"name\":\"Manual de identitate vizual\u0103 | PS\",\"isPartOf\":{\"@id\":\"https:\\\/\\\/ps2021-2027.adroltenia.ro\\\/#website\"},\"datePublished\":\"2024-02-05T07:45:31+00:00\",\"dateModified\":\"2024-10-23T14:06:13+00:00\",\"inLanguage\":\"ro-RO\",\"potentialAction\":[{\"@type\":\"ReadAction\",\"target\":[\"https:\\\/\\\/ps2021-2027.adroltenia.ro\\\/index.php\\\/miv\\\/\"]}]},{\"@type\":\"WebSite\",\"@id\":\"https:\\\/\\\/ps2021-2027.adroltenia.ro\\\/#website\",\"url\":\"https:\\\/\\\/ps2021-2027.adroltenia.ro\\\/\",\"name\":\"PS\",\"description\":\"\",\"publisher\":{\"@id\":\"https:\\\/\\\/ps2021-2027.adroltenia.ro\\\/#organization\"},\"potentialAction\":[{\"@type\":\"SearchAction\",\"target\":{\"@type\":\"EntryPoint\",\"urlTemplate\":\"https:\\\/\\\/ps2021-2027.adroltenia.ro\\\/?s={search_term_string}\"},\"query-input\":{\"@type\":\"PropertyValueSpecification\",\"valueRequired\":true,\"valueName\":\"search_term_string\"}}],\"inLanguage\":\"ro-RO\"},{\"@type\":\"Organization\",\"@id\":\"https:\\\/\\\/ps2021-2027.adroltenia.ro\\\/#organization\",\"name\":\"PS\",\"url\":\"https:\\\/\\\/ps2021-2027.adroltenia.ro\\\/\",\"logo\":{\"@type\":\"ImageObject\",\"inLanguage\":\"ro-RO\",\"@id\":\"https:\\\/\\\/ps2021-2027.adroltenia.ro\\\/#\\\/schema\\\/logo\\\/image\\\/\",\"url\":\"https:\\\/\\\/ps2021-2027.adroltenia.ro\\\/wp-content\\\/uploads\\\/2024\\\/01\\\/ps-logo.jpg\",\"contentUrl\":\"https:\\\/\\\/ps2021-2027.adroltenia.ro\\\/wp-content\\\/uploads\\\/2024\\\/01\\\/ps-logo.jpg\",\"width\":808,\"height\":164,\"caption\":\"PS\"},\"image\":{\"@id\":\"https:\\\/\\\/ps2021-2027.adroltenia.ro\\\/#\\\/schema\\\/logo\\\/image\\\/\"}}]}<\/script>\n<!-- \/ Yoast SEO plugin. -->","yoast_head_json":{"title":"Manual de identitate vizual\u0103 | PS","robots":{"index":"index","follow":"follow","max-snippet":"max-snippet:-1","max-image-preview":"max-image-preview:large","max-video-preview":"max-video-preview:-1"},"canonical":"https:\/\/ps2021-2027.adroltenia.ro\/index.php\/miv\/","og_locale":"ro_RO","og_type":"article","og_title":"Manual de identitate vizual\u0103 | PS","og_description":"\u00a0 Manualul de identitate vizual\u0103 pentru Programul S\u0103n\u0103tate este documentul care stabile\u0219te at\u00e2t un\u00a0set de reguli generale de identitate vizual\u0103\u00a0aplicabile opera\u021biunilor sprjinite din\u00a0Fondul Social European Plus\u00a0\u0219i\u00a0Fondul European de Dezvoltare Regional\u0103, c\u00e2t \u0219i\u00a0reguli specifice\u00a0aferente opera\u021biunilor sprijinite din FEDR, FSE+, precum \u0219i opera\u021biunilor de importan\u021b\u0103 strategic\u0103, de punere \u00een aplicare a prevederilor Regulamentelor Europene\u00a0pentru perioada de programare [&hellip;]","og_url":"https:\/\/ps2021-2027.adroltenia.ro\/index.php\/miv\/","og_site_name":"PS","article_modified_time":"2024-10-23T14:06:13+00:00","twitter_card":"summary_large_image","twitter_misc":{"Timp estimat pentru citire":"1 minut"},"schema":{"@context":"https:\/\/schema.org","@graph":[{"@type":"WebPage","@id":"https:\/\/ps2021-2027.adroltenia.ro\/index.php\/miv\/","url":"https:\/\/ps2021-2027.adroltenia.ro\/index.php\/miv\/","name":"Manual de identitate vizual\u0103 | PS","isPartOf":{"@id":"https:\/\/ps2021-2027.adroltenia.ro\/#website"},"datePublished":"2024-02-05T07:45:31+00:00","dateModified":"2024-10-23T14:06:13+00:00","inLanguage":"ro-RO","potentialAction":[{"@type":"ReadAction","target":["https:\/\/ps2021-2027.adroltenia.ro\/index.php\/miv\/"]}]},{"@type":"WebSite","@id":"https:\/\/ps2021-2027.adroltenia.ro\/#website","url":"https:\/\/ps2021-2027.adroltenia.ro\/","name":"PS","description":"","publisher":{"@id":"https:\/\/ps2021-2027.adroltenia.ro\/#organization"},"potentialAction":[{"@type":"SearchAction","target":{"@type":"EntryPoint","urlTemplate":"https:\/\/ps2021-2027.adroltenia.ro\/?s={search_term_string}"},"query-input":{"@type":"PropertyValueSpecification","valueRequired":true,"valueName":"search_term_string"}}],"inLanguage":"ro-RO"},{"@type":"Organization","@id":"https:\/\/ps2021-2027.adroltenia.ro\/#organization","name":"PS","url":"https:\/\/ps2021-2027.adroltenia.ro\/","logo":{"@type":"ImageObject","inLanguage":"ro-RO","@id":"https:\/\/ps2021-2027.adroltenia.ro\/#\/schema\/logo\/image\/","url":"https:\/\/ps2021-2027.adroltenia.ro\/wp-content\/uploads\/2024\/01\/ps-logo.jpg","contentUrl":"https:\/\/ps2021-2027.adroltenia.ro\/wp-content\/uploads\/2024\/01\/ps-logo.jpg","width":808,"height":164,"caption":"PS"},"image":{"@id":"https:\/\/ps2021-2027.adroltenia.ro\/#\/schema\/logo\/image\/"}}]}},"_links":{"self":[{"href":"https:\/\/ps2021-2027.adroltenia.ro\/index.php\/wp-json\/wp\/v2\/pages\/289","targetHints":{"allow":["GET"]}}],"collection":[{"href":"https:\/\/ps2021-2027.adroltenia.ro\/index.php\/wp-json\/wp\/v2\/pages"}],"about":[{"href":"https:\/\/ps2021-2027.adroltenia.ro\/index.php\/wp-json\/wp\/v2\/types\/page"}],"author":[{"embeddable":true,"href":"https:\/\/ps2021-2027.adroltenia.ro\/index.php\/wp-json\/wp\/v2\/users\/3"}],"replies":[{"embeddable":true,"href":"https:\/\/ps2021-2027.adroltenia.ro\/index.php\/wp-json\/wp\/v2\/comments?post=289"}],"version-history":[{"count":0,"href":"https:\/\/ps2021-2027.adroltenia.ro\/index.php\/wp-json\/wp\/v2\/pages\/289\/revisions"}],"wp:attachment":[{"href":"https:\/\/ps2021-2027.adroltenia.ro\/index.php\/wp-json\/wp\/v2\/media?parent=289"}],"curies":[{"name":"wp","href":"https:\/\/api.w.org\/{rel}","templated":true}]}}