{"id":3369,"date":"2024-12-24T09:33:15","date_gmt":"2024-12-24T09:33:15","guid":{"rendered":"https:\/\/ps2021-2027.adroltenia.ro\/?page_id=3369"},"modified":"2025-03-13T10:32:51","modified_gmt":"2025-03-13T10:32:51","slug":"contract-at-prioritatea-1-337606","status":"publish","type":"page","link":"https:\/\/ps2021-2027.adroltenia.ro\/index.php\/contract-at-prioritatea-1-337606\/","title":{"rendered":"CONTRACT AT &#8211; PRIORITATEA 1 &#8211; 337606"},"content":{"rendered":"\n<figure class=\"wp-block-image size-full is-resized\"><img decoding=\"async\" width=\"500\" height=\"96\" src=\"https:\/\/ps2021-2027.adroltenia.ro\/wp-content\/uploads\/2024\/12\/Antet-poat-1.jpg\" alt=\"\" class=\"wp-image-3380\" style=\"width:840px;height:auto\" srcset=\"https:\/\/ps2021-2027.adroltenia.ro\/wp-content\/uploads\/2024\/12\/Antet-poat-1.jpg 500w, https:\/\/ps2021-2027.adroltenia.ro\/wp-content\/uploads\/2024\/12\/Antet-poat-1-300x58.jpg 300w\" sizes=\"(max-width: 500px) 100vw, 500px\" \/><\/figure>\n\n\n\n<p class=\"has-text-align-center\"><strong>Proiect <\/strong>&nbsp;<strong>\u201eSprijin acordat ADR SV Oltenia \u00een asigurarea cheltuielilor salariale \u0219i logistice pentru \u00eendeplinirea atribu\u021biilor delegate \u00een cadrul PoS 2021-2027\u201d, cod SMIS 337606<\/strong><\/p>\n\n\n\n<p><strong>24.12.2024<\/strong> &#8211; <strong><a href=\"https:\/\/ps2021-2027.adroltenia.ro\/wp-content\/uploads\/2024\/12\/Anunt-incepere-proiect-337606.pdf\">Anun\u021b \u00eencepere proiect 337606<\/a><\/strong><\/p>\n\n\n\n<p>La data de 04.12.2024, a fost \u00eencheiat, \u00eentre <strong>Ministerul Investi\u021biilor \u0219i Proiectelor Europene<\/strong>, \u00een calitate de Autoritate de Management pentru Programul Opera\u021bional Asisten\u021b\u0103 Tehnic\u0103 2021 \u2013 2027 \u0219i <strong>Agen\u021bia pentru Dezvoltare Regional\u0103 Sud-Vest Oltenia, \u00een calitate de Beneficiar al finan\u021b\u0103rii,<\/strong> contractul de finan\u021bare CTRF 1.014\/cod SMIS 337606 pentru proiectul cu titlul &nbsp;<strong>\u201eSprijin acordat ADR SV Oltenia \u00een asigurarea cheltuielilor salariale \u0219i logistice pentru \u00eendeplinirea atribu\u021biilor delegate \u00een cadrul PoS 2021-2027\u201d.<\/strong><\/p>\n\n\n\n<p><strong>Obiectivul general <\/strong>este de a asigura resursele financiare pentru salarizarea \u0219i suportul logistic necesare \u00een \u00eendeplinirea func\u021biilor delegate prin Acordul cadru de delegare a unor func\u021bii privind implementarea Programului S\u0103n\u0103tate, priorit\u0103\u021bile 1, 2, 3, 4 \u0219i 7 \u2013 componenta FEDR, \u00eentre Ministerul Investi\u021biilor \u0219i Proiectelor Europene prin Direc\u021bia General\u0103 Program Opera\u021bional S\u0103n\u0103tate, \u00een calitate de Autoritate de Management pentru Programul Opera\u021bional S\u0103n\u0103tate (AM POS), \u0219i Agen\u021bia pentru Dezvoltare Regional\u0103 Sud-Vest Oltenia, \u00een calitate de Organism Intermediar pentru Programul S\u0103n\u0103tate (OI PS).<\/p>\n\n\n\n<p><strong>Obiectivul specific <\/strong>este asigurarea personalului suficient \u0219i calificat pentru \u00eendeplinirea activit\u0103\u021bilor aferente func\u021biilor delegate \u0219i asigurarea cadrului logistic adecvat pentru derularea activit\u0103\u021bilor.<\/p>\n\n\n\n<p>La nivelul ADR, prin crearea Organismului Intermediar, va fi extins cadrul institu\u021bional, organiza\u021bional \u0219i procedural care va asigura calitatea si coeren\u021ba opera\u021biunilor finan\u021bate din PoS 2021-2027 \u00een regiunea SV Oltenia, precum \u0219i utilizarea eficient\u0103 a fondurilor alocate acestui program, \u00een conformitate cu principiile \u0219i regulile de management financiar, monitorizare \u0219i control. De asemenea, se va largi \u0219i se va imbun\u0103t\u0103\u021bi cadrul de cooperare \u0219i comunicare cu alte entit\u0103\u021bi relevante \u0219i actori interesa\u021bi (institu\u021bii\/autoritati cu rol in gestiunea FESI, potentiali beneficiari PoS 2021-2027). \u00cen urma implement\u0103rii proiectului, prin derularea func\u021biilor specifice organismului intermediar PoS 2021-2027, se va consolida \u00een mod semnificativ capacitatea institu\u021bional\u0103 \u0219i se va diversifica expertiza acumulat\u0103 de personal, fiind creat un plus de valoare \u0219i de experien\u021b\u0103 pentru urm\u0103toarea perioad\u0103 de programare. \u00cen perioada 2028-2029, Organismul Intermediar va asigura exercitarea func\u021biilor delegate, \u00een func\u021bie de progresul opera\u021biunilor finan\u021bate \u00een cadrul Programului, exist\u00e2nd o probabilitate mare ca majoritatea proiectelor s\u0103 fie \u00eenc\u0103 \u00een perioada de implementare. Av\u00e2nd \u00een vedere durata Acordului cadru de delegare func\u021bii (5 ani de la data \u00eenchiderii oficiale a PS), pentru aceasta perioad\u0103, ADR SV Oltenia va continua s\u0103 asigure personal specializat propor\u021bional cu volumul activit\u0103\u021bilor necesar a fi prestate, solu\u021bia pentru finan\u021barea activit\u0103\u021bii personalului implicat urm\u00e2nd a fi definit\u0103\/identificat\u0103 \u00een func\u021bie de evolu\u021bia implement\u0103rii PS.<\/p>\n\n\n\n<p><strong>Activit\u0103\u021bi derulate<\/strong>:<\/p>\n\n\n\n<ul class=\"wp-block-list\">\n<li>Managementul proiectului;<\/li>\n\n\n\n<li>Asigurarea cheltuielilor pentru personalul implicat \u00een realizarea func\u021biilor delegate privind implementarea Programului S\u0103n\u0103tate;<\/li>\n\n\n\n<li>Informare \u0219i publicitate.<\/li>\n<\/ul>\n\n\n\n<p><strong>Rezultate a\u0219teptate:<\/strong><\/p>\n\n\n\n<ul class=\"wp-block-list\">\n<li>33 salariati din Organismul Intermediar PoS 2021-2027 ale c\u0103ror salarii sunt co-finan\u021bate din POAT &#8211; echivalent norm\u0103 \u00eentreag\u0103 (ENI).<\/li>\n<\/ul>\n\n\n\n<p><strong>Valoarea total\u0103 eligibil\u0103 a proiectului<\/strong> este de 31.179.664,80 lei, din care valoare eligibil\u0103 nerambursabil\u0103 din partea Uniunii Europene este de 13.824.858,76 lei (44,3393%), iar valoarea eligibil\u0103 nerambursabil\u0103 din bugetul na\u021bional este de 17.354.806,04 lei (55,6607%).<\/p>\n\n\n\n<p><strong>Perioada de implementare a proiectului <\/strong>este de 37 luni de la data semn\u0103rii contractului de finan\u021bare de c\u0103tre ultima parte \u2013 04.12.2024, p\u00e2n\u0103 la 31.12.2027, la care se adaug\u0103 \u0219i perioada de desf\u0103\u0219urare a activit\u0103\u021bilor proiectului \u00eenainte de semnarea contractului de finan\u021bare, \u00eencep\u00e2nd de la 01.10.2023, conform regulilor de eligibilitate a cheltuielilor.<\/p>\n\n\n\n<p>Informa\u021bii suplimentare legate de proiect se pot solicita la <a href=\"mailto:office@adroltenia.ro\">office@adroltenia.ro<\/a> &nbsp;sau vizit\u00e2nd site-ul <a href=\"https:\/\/ps2021-2027.adroltenia.ro\/\">https:\/\/ps2021-2027.adroltenia.ro\/<\/a><\/p>\n\n\n\n<p class=\"has-text-align-center\"><strong>Proiect cofinan\u021bat prin<\/strong> <strong>Programul Asisten\u021b\u0103 Tehnic\u0103 2021-2027<\/strong><\/p>\n\n\n\n<p><a href=\"https:\/\/ps2021-2027.adroltenia.ro\/wp-content\/uploads\/2025\/03\/Comunicat-de-presa-incepere-proiect-337606.pdf\"><strong>Comunicat de pres\u0103<\/strong><\/a><\/p>\n\n\n\n<p><\/p>\n","protected":false},"excerpt":{"rendered":"<p>Proiect &nbsp;\u201eSprijin acordat ADR SV Oltenia \u00een asigurarea cheltuielilor salariale \u0219i logistice pentru \u00eendeplinirea atribu\u021biilor delegate \u00een cadrul PoS 2021-2027\u201d, cod SMIS 337606 24.12.2024 &#8211; Anun\u021b \u00eencepere proiect 337606 La data de 04.12.2024, a fost \u00eencheiat, \u00eentre Ministerul Investi\u021biilor \u0219i Proiectelor Europene, \u00een calitate de Autoritate de Management pentru Programul Opera\u021bional Asisten\u021b\u0103 Tehnic\u0103 2021 \u2013 [&hellip;]<\/p>\n","protected":false},"author":3,"featured_media":0,"parent":0,"menu_order":0,"comment_status":"closed","ping_status":"closed","template":"","meta":{"footnotes":""},"class_list":["post-3369","page","type-page","status-publish","hentry"],"yoast_head":"<!-- This site is optimized with the Yoast SEO plugin v27.4 - https:\/\/yoast.com\/product\/yoast-seo-wordpress\/ -->\n<title>CONTRACT AT - PRIORITATEA 1 - 337606 | PS<\/title>\n<meta name=\"robots\" content=\"index, follow, max-snippet:-1, max-image-preview:large, max-video-preview:-1\" \/>\n<link rel=\"canonical\" href=\"https:\/\/ps2021-2027.adroltenia.ro\/index.php\/contract-at-prioritatea-1-337606\/\" \/>\n<meta property=\"og:locale\" content=\"ro_RO\" \/>\n<meta property=\"og:type\" content=\"article\" \/>\n<meta property=\"og:title\" content=\"CONTRACT AT - PRIORITATEA 1 - 337606 | PS\" \/>\n<meta property=\"og:description\" content=\"Proiect &nbsp;\u201eSprijin acordat ADR SV Oltenia \u00een asigurarea cheltuielilor salariale \u0219i logistice pentru \u00eendeplinirea atribu\u021biilor delegate \u00een cadrul PoS 2021-2027\u201d, cod SMIS 337606 24.12.2024 &#8211; Anun\u021b \u00eencepere proiect 337606 La data de 04.12.2024, a fost \u00eencheiat, \u00eentre Ministerul Investi\u021biilor \u0219i Proiectelor Europene, \u00een calitate de Autoritate de Management pentru Programul Opera\u021bional Asisten\u021b\u0103 Tehnic\u0103 2021 \u2013 [&hellip;]\" \/>\n<meta property=\"og:url\" content=\"https:\/\/ps2021-2027.adroltenia.ro\/index.php\/contract-at-prioritatea-1-337606\/\" \/>\n<meta property=\"og:site_name\" content=\"PS\" \/>\n<meta property=\"article:modified_time\" content=\"2025-03-13T10:32:51+00:00\" \/>\n<meta property=\"og:image\" content=\"https:\/\/ps2021-2027.adroltenia.ro\/wp-content\/uploads\/2024\/12\/Antet-poat-1.jpg\" \/>\n<meta name=\"twitter:card\" content=\"summary_large_image\" \/>\n<meta name=\"twitter:label1\" content=\"Timp estimat pentru citire\" \/>\n\t<meta name=\"twitter:data1\" content=\"4 minute\" \/>\n<script type=\"application\/ld+json\" class=\"yoast-schema-graph\">{\"@context\":\"https:\\\/\\\/schema.org\",\"@graph\":[{\"@type\":\"WebPage\",\"@id\":\"https:\\\/\\\/ps2021-2027.adroltenia.ro\\\/index.php\\\/contract-at-prioritatea-1-337606\\\/\",\"url\":\"https:\\\/\\\/ps2021-2027.adroltenia.ro\\\/index.php\\\/contract-at-prioritatea-1-337606\\\/\",\"name\":\"CONTRACT AT - PRIORITATEA 1 - 337606 | PS\",\"isPartOf\":{\"@id\":\"https:\\\/\\\/ps2021-2027.adroltenia.ro\\\/#website\"},\"primaryImageOfPage\":{\"@id\":\"https:\\\/\\\/ps2021-2027.adroltenia.ro\\\/index.php\\\/contract-at-prioritatea-1-337606\\\/#primaryimage\"},\"image\":{\"@id\":\"https:\\\/\\\/ps2021-2027.adroltenia.ro\\\/index.php\\\/contract-at-prioritatea-1-337606\\\/#primaryimage\"},\"thumbnailUrl\":\"https:\\\/\\\/ps2021-2027.adroltenia.ro\\\/wp-content\\\/uploads\\\/2024\\\/12\\\/Antet-poat-1.jpg\",\"datePublished\":\"2024-12-24T09:33:15+00:00\",\"dateModified\":\"2025-03-13T10:32:51+00:00\",\"inLanguage\":\"ro-RO\",\"potentialAction\":[{\"@type\":\"ReadAction\",\"target\":[\"https:\\\/\\\/ps2021-2027.adroltenia.ro\\\/index.php\\\/contract-at-prioritatea-1-337606\\\/\"]}]},{\"@type\":\"ImageObject\",\"inLanguage\":\"ro-RO\",\"@id\":\"https:\\\/\\\/ps2021-2027.adroltenia.ro\\\/index.php\\\/contract-at-prioritatea-1-337606\\\/#primaryimage\",\"url\":\"https:\\\/\\\/ps2021-2027.adroltenia.ro\\\/wp-content\\\/uploads\\\/2024\\\/12\\\/Antet-poat-1.jpg\",\"contentUrl\":\"https:\\\/\\\/ps2021-2027.adroltenia.ro\\\/wp-content\\\/uploads\\\/2024\\\/12\\\/Antet-poat-1.jpg\",\"width\":500,\"height\":96},{\"@type\":\"WebSite\",\"@id\":\"https:\\\/\\\/ps2021-2027.adroltenia.ro\\\/#website\",\"url\":\"https:\\\/\\\/ps2021-2027.adroltenia.ro\\\/\",\"name\":\"PS\",\"description\":\"\",\"publisher\":{\"@id\":\"https:\\\/\\\/ps2021-2027.adroltenia.ro\\\/#organization\"},\"potentialAction\":[{\"@type\":\"SearchAction\",\"target\":{\"@type\":\"EntryPoint\",\"urlTemplate\":\"https:\\\/\\\/ps2021-2027.adroltenia.ro\\\/?s={search_term_string}\"},\"query-input\":{\"@type\":\"PropertyValueSpecification\",\"valueRequired\":true,\"valueName\":\"search_term_string\"}}],\"inLanguage\":\"ro-RO\"},{\"@type\":\"Organization\",\"@id\":\"https:\\\/\\\/ps2021-2027.adroltenia.ro\\\/#organization\",\"name\":\"PS\",\"url\":\"https:\\\/\\\/ps2021-2027.adroltenia.ro\\\/\",\"logo\":{\"@type\":\"ImageObject\",\"inLanguage\":\"ro-RO\",\"@id\":\"https:\\\/\\\/ps2021-2027.adroltenia.ro\\\/#\\\/schema\\\/logo\\\/image\\\/\",\"url\":\"https:\\\/\\\/ps2021-2027.adroltenia.ro\\\/wp-content\\\/uploads\\\/2024\\\/01\\\/ps-logo.jpg\",\"contentUrl\":\"https:\\\/\\\/ps2021-2027.adroltenia.ro\\\/wp-content\\\/uploads\\\/2024\\\/01\\\/ps-logo.jpg\",\"width\":808,\"height\":164,\"caption\":\"PS\"},\"image\":{\"@id\":\"https:\\\/\\\/ps2021-2027.adroltenia.ro\\\/#\\\/schema\\\/logo\\\/image\\\/\"}}]}<\/script>\n<!-- \/ Yoast SEO plugin. -->","yoast_head_json":{"title":"CONTRACT AT - PRIORITATEA 1 - 337606 | PS","robots":{"index":"index","follow":"follow","max-snippet":"max-snippet:-1","max-image-preview":"max-image-preview:large","max-video-preview":"max-video-preview:-1"},"canonical":"https:\/\/ps2021-2027.adroltenia.ro\/index.php\/contract-at-prioritatea-1-337606\/","og_locale":"ro_RO","og_type":"article","og_title":"CONTRACT AT - PRIORITATEA 1 - 337606 | PS","og_description":"Proiect &nbsp;\u201eSprijin acordat ADR SV Oltenia \u00een asigurarea cheltuielilor salariale \u0219i logistice pentru \u00eendeplinirea atribu\u021biilor delegate \u00een cadrul PoS 2021-2027\u201d, cod SMIS 337606 24.12.2024 &#8211; Anun\u021b \u00eencepere proiect 337606 La data de 04.12.2024, a fost \u00eencheiat, \u00eentre Ministerul Investi\u021biilor \u0219i Proiectelor Europene, \u00een calitate de Autoritate de Management pentru Programul Opera\u021bional Asisten\u021b\u0103 Tehnic\u0103 2021 \u2013 [&hellip;]","og_url":"https:\/\/ps2021-2027.adroltenia.ro\/index.php\/contract-at-prioritatea-1-337606\/","og_site_name":"PS","article_modified_time":"2025-03-13T10:32:51+00:00","og_image":[{"url":"https:\/\/ps2021-2027.adroltenia.ro\/wp-content\/uploads\/2024\/12\/Antet-poat-1.jpg","type":"","width":"","height":""}],"twitter_card":"summary_large_image","twitter_misc":{"Timp estimat pentru citire":"4 minute"},"schema":{"@context":"https:\/\/schema.org","@graph":[{"@type":"WebPage","@id":"https:\/\/ps2021-2027.adroltenia.ro\/index.php\/contract-at-prioritatea-1-337606\/","url":"https:\/\/ps2021-2027.adroltenia.ro\/index.php\/contract-at-prioritatea-1-337606\/","name":"CONTRACT AT - PRIORITATEA 1 - 337606 | PS","isPartOf":{"@id":"https:\/\/ps2021-2027.adroltenia.ro\/#website"},"primaryImageOfPage":{"@id":"https:\/\/ps2021-2027.adroltenia.ro\/index.php\/contract-at-prioritatea-1-337606\/#primaryimage"},"image":{"@id":"https:\/\/ps2021-2027.adroltenia.ro\/index.php\/contract-at-prioritatea-1-337606\/#primaryimage"},"thumbnailUrl":"https:\/\/ps2021-2027.adroltenia.ro\/wp-content\/uploads\/2024\/12\/Antet-poat-1.jpg","datePublished":"2024-12-24T09:33:15+00:00","dateModified":"2025-03-13T10:32:51+00:00","inLanguage":"ro-RO","potentialAction":[{"@type":"ReadAction","target":["https:\/\/ps2021-2027.adroltenia.ro\/index.php\/contract-at-prioritatea-1-337606\/"]}]},{"@type":"ImageObject","inLanguage":"ro-RO","@id":"https:\/\/ps2021-2027.adroltenia.ro\/index.php\/contract-at-prioritatea-1-337606\/#primaryimage","url":"https:\/\/ps2021-2027.adroltenia.ro\/wp-content\/uploads\/2024\/12\/Antet-poat-1.jpg","contentUrl":"https:\/\/ps2021-2027.adroltenia.ro\/wp-content\/uploads\/2024\/12\/Antet-poat-1.jpg","width":500,"height":96},{"@type":"WebSite","@id":"https:\/\/ps2021-2027.adroltenia.ro\/#website","url":"https:\/\/ps2021-2027.adroltenia.ro\/","name":"PS","description":"","publisher":{"@id":"https:\/\/ps2021-2027.adroltenia.ro\/#organization"},"potentialAction":[{"@type":"SearchAction","target":{"@type":"EntryPoint","urlTemplate":"https:\/\/ps2021-2027.adroltenia.ro\/?s={search_term_string}"},"query-input":{"@type":"PropertyValueSpecification","valueRequired":true,"valueName":"search_term_string"}}],"inLanguage":"ro-RO"},{"@type":"Organization","@id":"https:\/\/ps2021-2027.adroltenia.ro\/#organization","name":"PS","url":"https:\/\/ps2021-2027.adroltenia.ro\/","logo":{"@type":"ImageObject","inLanguage":"ro-RO","@id":"https:\/\/ps2021-2027.adroltenia.ro\/#\/schema\/logo\/image\/","url":"https:\/\/ps2021-2027.adroltenia.ro\/wp-content\/uploads\/2024\/01\/ps-logo.jpg","contentUrl":"https:\/\/ps2021-2027.adroltenia.ro\/wp-content\/uploads\/2024\/01\/ps-logo.jpg","width":808,"height":164,"caption":"PS"},"image":{"@id":"https:\/\/ps2021-2027.adroltenia.ro\/#\/schema\/logo\/image\/"}}]}},"_links":{"self":[{"href":"https:\/\/ps2021-2027.adroltenia.ro\/index.php\/wp-json\/wp\/v2\/pages\/3369","targetHints":{"allow":["GET"]}}],"collection":[{"href":"https:\/\/ps2021-2027.adroltenia.ro\/index.php\/wp-json\/wp\/v2\/pages"}],"about":[{"href":"https:\/\/ps2021-2027.adroltenia.ro\/index.php\/wp-json\/wp\/v2\/types\/page"}],"author":[{"embeddable":true,"href":"https:\/\/ps2021-2027.adroltenia.ro\/index.php\/wp-json\/wp\/v2\/users\/3"}],"replies":[{"embeddable":true,"href":"https:\/\/ps2021-2027.adroltenia.ro\/index.php\/wp-json\/wp\/v2\/comments?post=3369"}],"version-history":[{"count":0,"href":"https:\/\/ps2021-2027.adroltenia.ro\/index.php\/wp-json\/wp\/v2\/pages\/3369\/revisions"}],"wp:attachment":[{"href":"https:\/\/ps2021-2027.adroltenia.ro\/index.php\/wp-json\/wp\/v2\/media?parent=3369"}],"curies":[{"name":"wp","href":"https:\/\/api.w.org\/{rel}","templated":true}]}}